{"id":423,"date":"2025-04-19T12:29:51","date_gmt":"2025-04-19T10:29:51","guid":{"rendered":"https:\/\/tizianomazzoleni.com\/en\/eventi\/6-july-2023-radiant8\/"},"modified":"2025-05-05T23:06:27","modified_gmt":"2025-05-05T21:06:27","slug":"6-july-2023-radiant8","status":"publish","type":"eventi","link":"https:\/\/tizianomazzoleni.com\/en\/events\/6-july-2023-radiant8\/","title":{"rendered":"Radiant8 Ensemble"},"content":{"rendered":"\n<h2 class=\"wp-block-heading\"><strong>Performers<\/strong><\/h2>\n\n\n\n<p class=\"has-text-align-center\"><em>Radiant8 Ensemble<\/em><\/p>\n\n\n\n<h2 class=\"wp-block-heading\" style=\"font-size:23px\"><strong>Programme<\/strong><\/h2>\n\n\n\n<p><strong><em>Jieun Noh<\/em><\/strong> stored dialogue (Commissioned Work) for Nonet and Fixed Media<\/p>\n\n\n\n<p><strong><em>Georges Aperghis<\/em><\/strong> Requium Furtif f\u00fcr Violine und Claves<\/p>\n\n\n\n<p><strong><em>Panayiotis Kokoras<\/em><\/strong> Slide for Classical Guitar and Electronics<\/p>\n\n\n\n<p><strong><em>Carola Bauckholt<\/em><\/strong> Luftwurzeln for Flute, Clarinet, Viola, and Cello<\/p>\n\n\n\n<p><strong><em>Alberto Posadas<\/em><\/strong> S\u00e9ran Ceniza for Soprano Saxophone<\/p>\n\n\n\n<p><strong><em>Cornelius Cardew<\/em><\/strong> Treatise Version Ensemble Radiant8<\/p>\n\n\n\n<p><em><strong>Kr\u00f5\u00f5t-K\u00e4rt Kaev<\/strong><\/em> Fluctuations (Commissioned Work) for Nonet and Fixed Media<\/p>\n\n\n\n<p><\/p>\n","protected":false},"featured_media":0,"template":"","class_list":["post-423","eventi","type-eventi","status-publish","hentry"],"yoast_head":"<!-- This site is optimized with the Yoast SEO plugin v27.0 - https:\/\/yoast.com\/product\/yoast-seo-wordpress\/ -->\n<title>6 July 2023 \u2013 Radiant8 Ensemble - Tiziano Mazzoleni EN<\/title>\n<meta name=\"robots\" content=\"index, follow, max-snippet:-1, max-image-preview:large, max-video-preview:-1\" \/>\n<link rel=\"canonical\" href=\"https:\/\/tizianomazzoleni.com\/en\/eventi\/6-july-2023-radiant8\/\" \/>\n<meta property=\"og:locale\" content=\"en_US\" \/>\n<meta property=\"og:type\" content=\"article\" \/>\n<meta property=\"og:title\" content=\"6 July 2023 \u2013 Radiant8 Ensemble - Tiziano Mazzoleni EN\" \/>\n<meta property=\"og:description\" content=\"Performers Radiant8 Ensemble Programme Jieun Noh stored dialogue (Commissioned Work) for Nonet and Fixed Media Georges Aperghis Requium Furtif f\u00fcr Violine und Claves Panayiotis Kokoras Slide for Classical Guitar and Electronics Carola Bauckholt Luftwurzeln for Flute, Clarinet, Viola, and Cello Alberto Posadas S\u00e9ran Ceniza for Soprano Saxophone Cornelius Cardew Treatise Version Ensemble Radiant8 Kr\u00f5\u00f5t-K\u00e4rt Kaev [&hellip;]\" \/>\n<meta property=\"og:url\" content=\"https:\/\/tizianomazzoleni.com\/en\/eventi\/6-july-2023-radiant8\/\" \/>\n<meta property=\"og:site_name\" content=\"Tiziano Mazzoleni EN\" \/>\n<meta property=\"article:publisher\" content=\"https:\/\/www.facebook.com\/tizianomazzolenitrb\/\" \/>\n<meta property=\"article:modified_time\" content=\"2025-05-05T21:06:27+00:00\" \/>\n<meta name=\"twitter:card\" content=\"summary_large_image\" \/>\n<meta name=\"twitter:label1\" content=\"Est. reading time\" \/>\n\t<meta name=\"twitter:data1\" content=\"1 minute\" \/>\n<script type=\"application\/ld+json\" class=\"yoast-schema-graph\">{\"@context\":\"https:\/\/schema.org\",\"@graph\":[{\"@type\":\"WebPage\",\"@id\":\"https:\/\/tizianomazzoleni.com\/en\/eventi\/6-july-2023-radiant8\/\",\"url\":\"https:\/\/tizianomazzoleni.com\/en\/eventi\/6-july-2023-radiant8\/\",\"name\":\"6 July 2023 \u2013 Radiant8 Ensemble - Tiziano Mazzoleni EN\",\"isPartOf\":{\"@id\":\"https:\/\/tizianomazzoleni.com\/en\/#website\"},\"datePublished\":\"2025-04-19T10:29:51+00:00\",\"dateModified\":\"2025-05-05T21:06:27+00:00\",\"breadcrumb\":{\"@id\":\"https:\/\/tizianomazzoleni.com\/en\/eventi\/6-july-2023-radiant8\/#breadcrumb\"},\"inLanguage\":\"en-US\",\"potentialAction\":[{\"@type\":\"ReadAction\",\"target\":[\"https:\/\/tizianomazzoleni.com\/en\/eventi\/6-july-2023-radiant8\/\"]}]},{\"@type\":\"BreadcrumbList\",\"@id\":\"https:\/\/tizianomazzoleni.com\/en\/eventi\/6-july-2023-radiant8\/#breadcrumb\",\"itemListElement\":[{\"@type\":\"ListItem\",\"position\":1,\"name\":\"Home\",\"item\":\"https:\/\/tizianomazzoleni.com\/en\/\"},{\"@type\":\"ListItem\",\"position\":2,\"name\":\"Eventi\",\"item\":\"https:\/\/tizianomazzoleni.com\/en\/eventi\/\"},{\"@type\":\"ListItem\",\"position\":3,\"name\":\"6 July 2023 \u2013 Radiant8 Ensemble\"}]},{\"@type\":\"WebSite\",\"@id\":\"https:\/\/tizianomazzoleni.com\/en\/#website\",\"url\":\"https:\/\/tizianomazzoleni.com\/en\/\",\"name\":\"Tiziano Mazzoleni\",\"description\":\"\",\"publisher\":{\"@id\":\"https:\/\/tizianomazzoleni.com\/en\/#organization\"},\"potentialAction\":[{\"@type\":\"SearchAction\",\"target\":{\"@type\":\"EntryPoint\",\"urlTemplate\":\"https:\/\/tizianomazzoleni.com\/en\/?s={search_term_string}\"},\"query-input\":{\"@type\":\"PropertyValueSpecification\",\"valueRequired\":true,\"valueName\":\"search_term_string\"}}],\"inLanguage\":\"en-US\"},{\"@type\":\"Organization\",\"@id\":\"https:\/\/tizianomazzoleni.com\/en\/#organization\",\"name\":\"Tiziano Mazzoleni\",\"url\":\"https:\/\/tizianomazzoleni.com\/en\/\",\"logo\":{\"@type\":\"ImageObject\",\"inLanguage\":\"en-US\",\"@id\":\"https:\/\/tizianomazzoleni.com\/en\/#\/schema\/logo\/image\/\",\"url\":\"https:\/\/tizianomazzoleni.com\/en\/wp-content\/uploads\/sites\/3\/2025\/04\/tm-logo.webp\",\"contentUrl\":\"https:\/\/tizianomazzoleni.com\/en\/wp-content\/uploads\/sites\/3\/2025\/04\/tm-logo.webp\",\"width\":2395,\"height\":1756,\"caption\":\"Tiziano Mazzoleni\"},\"image\":{\"@id\":\"https:\/\/tizianomazzoleni.com\/en\/#\/schema\/logo\/image\/\"},\"sameAs\":[\"https:\/\/www.facebook.com\/tizianomazzolenitrb\/\",\"https:\/\/www.youtube.com\/channel\/UCfOuD4xlVmnbqzNlqFF-82w\",\"https:\/\/www.instagram.com\/tizianomazzolenitrb\/\",\"https:\/\/open.spotify.com\/intl-it\/artist\/19mdYMqG91acqcFAS3pEyH?si=fLCI7_ADT1O42dzioGFFIA&nd=1&dlsi=36510e36b1b54d4e\",\"https:\/\/soundcloud.com\/tiziano-mazzoleni\"]}]}<\/script>\n<!-- \/ Yoast SEO plugin. -->","yoast_head_json":{"title":"6 July 2023 \u2013 Radiant8 Ensemble - Tiziano Mazzoleni EN","robots":{"index":"index","follow":"follow","max-snippet":"max-snippet:-1","max-image-preview":"max-image-preview:large","max-video-preview":"max-video-preview:-1"},"canonical":"https:\/\/tizianomazzoleni.com\/en\/eventi\/6-july-2023-radiant8\/","og_locale":"en_US","og_type":"article","og_title":"6 July 2023 \u2013 Radiant8 Ensemble - Tiziano Mazzoleni EN","og_description":"Performers Radiant8 Ensemble Programme Jieun Noh stored dialogue (Commissioned Work) for Nonet and Fixed Media Georges Aperghis Requium Furtif f\u00fcr Violine und Claves Panayiotis Kokoras Slide for Classical Guitar and Electronics Carola Bauckholt Luftwurzeln for Flute, Clarinet, Viola, and Cello Alberto Posadas S\u00e9ran Ceniza for Soprano Saxophone Cornelius Cardew Treatise Version Ensemble Radiant8 Kr\u00f5\u00f5t-K\u00e4rt Kaev [&hellip;]","og_url":"https:\/\/tizianomazzoleni.com\/en\/eventi\/6-july-2023-radiant8\/","og_site_name":"Tiziano Mazzoleni EN","article_publisher":"https:\/\/www.facebook.com\/tizianomazzolenitrb\/","article_modified_time":"2025-05-05T21:06:27+00:00","twitter_card":"summary_large_image","twitter_misc":{"Est. reading time":"1 minute"},"schema":{"@context":"https:\/\/schema.org","@graph":[{"@type":"WebPage","@id":"https:\/\/tizianomazzoleni.com\/en\/eventi\/6-july-2023-radiant8\/","url":"https:\/\/tizianomazzoleni.com\/en\/eventi\/6-july-2023-radiant8\/","name":"6 July 2023 \u2013 Radiant8 Ensemble - Tiziano Mazzoleni EN","isPartOf":{"@id":"https:\/\/tizianomazzoleni.com\/en\/#website"},"datePublished":"2025-04-19T10:29:51+00:00","dateModified":"2025-05-05T21:06:27+00:00","breadcrumb":{"@id":"https:\/\/tizianomazzoleni.com\/en\/eventi\/6-july-2023-radiant8\/#breadcrumb"},"inLanguage":"en-US","potentialAction":[{"@type":"ReadAction","target":["https:\/\/tizianomazzoleni.com\/en\/eventi\/6-july-2023-radiant8\/"]}]},{"@type":"BreadcrumbList","@id":"https:\/\/tizianomazzoleni.com\/en\/eventi\/6-july-2023-radiant8\/#breadcrumb","itemListElement":[{"@type":"ListItem","position":1,"name":"Home","item":"https:\/\/tizianomazzoleni.com\/en\/"},{"@type":"ListItem","position":2,"name":"Eventi","item":"https:\/\/tizianomazzoleni.com\/en\/eventi\/"},{"@type":"ListItem","position":3,"name":"6 July 2023 \u2013 Radiant8 Ensemble"}]},{"@type":"WebSite","@id":"https:\/\/tizianomazzoleni.com\/en\/#website","url":"https:\/\/tizianomazzoleni.com\/en\/","name":"Tiziano Mazzoleni","description":"","publisher":{"@id":"https:\/\/tizianomazzoleni.com\/en\/#organization"},"potentialAction":[{"@type":"SearchAction","target":{"@type":"EntryPoint","urlTemplate":"https:\/\/tizianomazzoleni.com\/en\/?s={search_term_string}"},"query-input":{"@type":"PropertyValueSpecification","valueRequired":true,"valueName":"search_term_string"}}],"inLanguage":"en-US"},{"@type":"Organization","@id":"https:\/\/tizianomazzoleni.com\/en\/#organization","name":"Tiziano Mazzoleni","url":"https:\/\/tizianomazzoleni.com\/en\/","logo":{"@type":"ImageObject","inLanguage":"en-US","@id":"https:\/\/tizianomazzoleni.com\/en\/#\/schema\/logo\/image\/","url":"https:\/\/tizianomazzoleni.com\/en\/wp-content\/uploads\/sites\/3\/2025\/04\/tm-logo.webp","contentUrl":"https:\/\/tizianomazzoleni.com\/en\/wp-content\/uploads\/sites\/3\/2025\/04\/tm-logo.webp","width":2395,"height":1756,"caption":"Tiziano Mazzoleni"},"image":{"@id":"https:\/\/tizianomazzoleni.com\/en\/#\/schema\/logo\/image\/"},"sameAs":["https:\/\/www.facebook.com\/tizianomazzolenitrb\/","https:\/\/www.youtube.com\/channel\/UCfOuD4xlVmnbqzNlqFF-82w","https:\/\/www.instagram.com\/tizianomazzolenitrb\/","https:\/\/open.spotify.com\/intl-it\/artist\/19mdYMqG91acqcFAS3pEyH?si=fLCI7_ADT1O42dzioGFFIA&nd=1&dlsi=36510e36b1b54d4e","https:\/\/soundcloud.com\/tiziano-mazzoleni"]}]}},"_links":{"self":[{"href":"https:\/\/tizianomazzoleni.com\/en\/wp-json\/wp\/v2\/eventi\/423","targetHints":{"allow":["GET"]}}],"collection":[{"href":"https:\/\/tizianomazzoleni.com\/en\/wp-json\/wp\/v2\/eventi"}],"about":[{"href":"https:\/\/tizianomazzoleni.com\/en\/wp-json\/wp\/v2\/types\/eventi"}],"wp:attachment":[{"href":"https:\/\/tizianomazzoleni.com\/en\/wp-json\/wp\/v2\/media?parent=423"}],"curies":[{"name":"wp","href":"https:\/\/api.w.org\/{rel}","templated":true}]}}

<h2 class="wp-block-heading"><strong>Performers</strong></h2>



<p class="has-text-align-center"><em>Radiant8 Ensemble</em></p>



<h2 class="wp-block-heading" style="font-size:23px"><strong>Programme</strong></h2>



<p><strong><em>Jieun Noh</em></strong> stored dialogue (Commissioned Work) for Nonet and Fixed Media</p>



<p><strong><em>Georges Aperghis</em></strong> Requium Furtif für Violine und Claves</p>



<p><strong><em>Panayiotis Kokoras</em></strong> Slide for Classical Guitar and Electronics</p>



<p><strong><em>Carola Bauckholt</em></strong> Luftwurzeln for Flute, Clarinet, Viola, and Cello</p>



<p><strong><em>Alberto Posadas</em></strong> Séran Ceniza for Soprano Saxophone</p>



<p><strong><em>Cornelius Cardew</em></strong> Treatise Version Ensemble Radiant8</p>



<p><em><strong>Krõõt-Kärt Kaev</strong></em> Fluctuations (Commissioned Work) for Nonet and Fixed Media</p>



<p></p>

<!-- This site is optimized with the Yoast SEO plugin v27.0 - https://yoast.com/product/yoast-seo-wordpress/ -->
<title>6 July 2023 – Radiant8 Ensemble - Tiziano Mazzoleni EN</title>
<meta name="robots" content="index, follow, max-snippet:-1, max-image-preview:large, max-video-preview:-1" />
<link rel="canonical" href="https://tizianomazzoleni.com/en/eventi/6-july-2023-radiant8/" />
<meta property="og:locale" content="en_US" />
<meta property="og:type" content="article" />
<meta property="og:title" content="6 July 2023 – Radiant8 Ensemble - Tiziano Mazzoleni EN" />
<meta property="og:description" content="Performers Radiant8 Ensemble Programme Jieun Noh stored dialogue (Commissioned Work) for Nonet and Fixed Media Georges Aperghis Requium Furtif für Violine und Claves Panayiotis Kokoras Slide for Classical Guitar and Electronics Carola Bauckholt Luftwurzeln for Flute, Clarinet, Viola, and Cello Alberto Posadas Séran Ceniza for Soprano Saxophone Cornelius Cardew Treatise Version Ensemble Radiant8 Krõõt-Kärt Kaev [&hellip;]" />
<meta property="og:url" content="https://tizianomazzoleni.com/en/eventi/6-july-2023-radiant8/" />
<meta property="og:site_name" content="Tiziano Mazzoleni EN" />
<meta property="article:publisher" content="https://www.facebook.com/tizianomazzolenitrb/" />
<meta property="article:modified_time" content="2025-05-05T21:06:27+00:00" />
<meta name="twitter:card" content="summary_large_image" />
<meta name="twitter:label1" content="Est. reading time" />
	<meta name="twitter:data1" content="1 minute" />
<script type="application/ld+json" class="yoast-schema-graph">{"@context":"https://schema.org","@graph":[{"@type":"WebPage","@id":"https://tizianomazzoleni.com/en/eventi/6-july-2023-radiant8/","url":"https://tizianomazzoleni.com/en/eventi/6-july-2023-radiant8/","name":"6 July 2023 – Radiant8 Ensemble - Tiziano Mazzoleni EN","isPartOf":{"@id":"https://tizianomazzoleni.com/en/#website"},"datePublished":"2025-04-19T10:29:51+00:00","dateModified":"2025-05-05T21:06:27+00:00","breadcrumb":{"@id":"https://tizianomazzoleni.com/en/eventi/6-july-2023-radiant8/#breadcrumb"},"inLanguage":"en-US","potentialAction":[{"@type":"ReadAction","target":["https://tizianomazzoleni.com/en/eventi/6-july-2023-radiant8/"]}]},{"@type":"BreadcrumbList","@id":"https://tizianomazzoleni.com/en/eventi/6-july-2023-radiant8/#breadcrumb","itemListElement":[{"@type":"ListItem","position":1,"name":"Home","item":"https://tizianomazzoleni.com/en/"},{"@type":"ListItem","position":2,"name":"Eventi","item":"https://tizianomazzoleni.com/en/eventi/"},{"@type":"ListItem","position":3,"name":"6 July 2023 – Radiant8 Ensemble"}]},{"@type":"WebSite","@id":"https://tizianomazzoleni.com/en/#website","url":"https://tizianomazzoleni.com/en/","name":"Tiziano Mazzoleni","description":"","publisher":{"@id":"https://tizianomazzoleni.com/en/#organization"},"potentialAction":[{"@type":"SearchAction","target":{"@type":"EntryPoint","urlTemplate":"https://tizianomazzoleni.com/en/?s={search_term_string}"},"query-input":{"@type":"PropertyValueSpecification","valueRequired":true,"valueName":"search_term_string"}}],"inLanguage":"en-US"},{"@type":"Organization","@id":"https://tizianomazzoleni.com/en/#organization","name":"Tiziano Mazzoleni","url":"https://tizianomazzoleni.com/en/","logo":{"@type":"ImageObject","inLanguage":"en-US","@id":"https://tizianomazzoleni.com/en/#/schema/logo/image/","url":"https://tizianomazzoleni.com/en/wp-content/uploads/sites/3/2025/04/tm-logo.webp","contentUrl":"https://tizianomazzoleni.com/en/wp-content/uploads/sites/3/2025/04/tm-logo.webp","width":2395,"height":1756,"caption":"Tiziano Mazzoleni"},"image":{"@id":"https://tizianomazzoleni.com/en/#/schema/logo/image/"},"sameAs":["https://www.facebook.com/tizianomazzolenitrb/","https://www.youtube.com/channel/UCfOuD4xlVmnbqzNlqFF-82w","https://www.instagram.com/tizianomazzolenitrb/","https://open.spotify.com/intl-it/artist/19mdYMqG91acqcFAS3pEyH?si=fLCI7_ADT1O42dzioGFFIA&nd=1&dlsi=36510e36b1b54d4e","https://soundcloud.com/tiziano-mazzoleni"]}]}</script>
<!-- / Yoast SEO plugin. -->

Performers Radiant8 Ensemble Programme Jieun Noh stored dialogue (Commissioned Work) for Nonet and Fixed Media Georges Aperghis Requium Furtif für Violine und Claves Panayiotis Kokoras Slide for Classical Guitar and Electronics Carola Bauckholt Luftwurzeln for Flute, Clarinet, Viola, and Cello Alberto Posadas Séran Ceniza for Soprano Saxophone Cornelius Cardew Treatise Version Ensemble Radiant8 Krõõt-Kärt Kaev [&hellip;]
