{"id":48,"date":"2025-04-19T19:45:52","date_gmt":"2025-04-19T17:45:52","guid":{"rendered":"https:\/\/tizianomazzoleni.com\/de\/eventi\/12-februar-2022-lunch-mit-brass\/"},"modified":"2025-05-06T22:00:43","modified_gmt":"2025-05-06T20:00:43","slug":"12-februar-2022-lunch-mit-brass","status":"publish","type":"eventi","link":"https:\/\/tizianomazzoleni.com\/de\/veranstaltungen\/12-februar-2022-lunch-mit-brass\/","title":{"rendered":"LUNCH MIT BRASS"},"content":{"rendered":"\n<h2 class=\"wp-block-heading\"><strong>Mitwirkende<\/strong><\/h2>\n\n\n\n<p class=\"has-text-align-center\">POSAUNE<br><em>Tiziano Mazzoleni<\/em><\/p>\n\n\n\n<p class=\"has-text-align-center\">TUBA<br><em>Angelo Funaro<\/em><\/p>\n\n\n\n<p class=\"has-text-align-center\">KLAVIER<br><em>Alberto Carnevale Ricci<\/em><\/p>\n\n\n\n<p class=\"has-text-align-center\"><em>WGB Quartett<\/em><\/p>\n\n\n\n<h2 class=\"wp-block-heading\" style=\"font-size:23px\"><strong>Programm<\/strong><\/h2>\n\n\n\n<p><strong><em>Bart Howard<\/em><\/strong> Fly Me to the Moon<\/p>\n\n\n\n<p><strong><em>Johann G. Chr. St\u00f6rl<\/em><\/strong> Turmmusik<\/p>\n\n\n\n<p><em><strong>John Glenesk Mortimer<\/strong><\/em> Suite Parisienne<\/p>\n\n\n\n<p><strong><em>Eric Ewazen<\/em><\/strong> Trio f\u00fcr Posaune, Tuba und Klavier<\/p>\n\n\n\n<p><strong><em>Georg Gershwin<\/em><\/strong> A Portrait<\/p>\n\n\n\n<p class=\"has-text-align-left\"><strong><em>Gustav Mahler<\/em><\/strong> Liebst du um Sch\u00f6nheit<\/p>\n","protected":false},"featured_media":0,"template":"","class_list":["post-48","eventi","type-eventi","status-publish","hentry"],"yoast_head":"<!-- This site is optimized with the Yoast SEO plugin v27.0 - https:\/\/yoast.com\/product\/yoast-seo-wordpress\/ -->\n<title>12 Februar 2022 \u2013 LUNCH MIT BRASS - Tiziano Mazzoleni DE<\/title>\n<meta name=\"robots\" content=\"index, follow, max-snippet:-1, max-image-preview:large, max-video-preview:-1\" \/>\n<link rel=\"canonical\" href=\"https:\/\/tizianomazzoleni.com\/de\/eventi\/12-februar-2022-lunch-mit-brass\/\" \/>\n<meta property=\"og:locale\" content=\"de_DE\" \/>\n<meta property=\"og:type\" content=\"article\" \/>\n<meta property=\"og:title\" content=\"12 Februar 2022 \u2013 LUNCH MIT BRASS - Tiziano Mazzoleni DE\" \/>\n<meta property=\"og:description\" content=\"Mitwirkende POSAUNETiziano Mazzoleni TUBAAngelo Funaro KLAVIERAlberto Carnevale Ricci WGB Quartett Programm Bart Howard Fly Me to the Moon Johann G. Chr. St\u00f6rl Turmmusik John Glenesk Mortimer Suite Parisienne Eric Ewazen Trio f\u00fcr Posaune, Tuba und Klavier Georg Gershwin A Portrait Gustav Mahler Liebst du um Sch\u00f6nheit\" \/>\n<meta property=\"og:url\" content=\"https:\/\/tizianomazzoleni.com\/de\/eventi\/12-februar-2022-lunch-mit-brass\/\" \/>\n<meta property=\"og:site_name\" content=\"Tiziano Mazzoleni DE\" \/>\n<meta property=\"article:publisher\" content=\"https:\/\/www.facebook.com\/tizianomazzolenitrb\/\" \/>\n<meta property=\"article:modified_time\" content=\"2025-05-06T20:00:43+00:00\" \/>\n<meta name=\"twitter:card\" content=\"summary_large_image\" \/>\n<meta name=\"twitter:label1\" content=\"Gesch\u00e4tzte Lesezeit\" \/>\n\t<meta name=\"twitter:data1\" content=\"1\u00a0Minute\" \/>\n<script type=\"application\/ld+json\" class=\"yoast-schema-graph\">{\"@context\":\"https:\/\/schema.org\",\"@graph\":[{\"@type\":\"WebPage\",\"@id\":\"https:\/\/tizianomazzoleni.com\/de\/eventi\/12-februar-2022-lunch-mit-brass\/\",\"url\":\"https:\/\/tizianomazzoleni.com\/de\/eventi\/12-februar-2022-lunch-mit-brass\/\",\"name\":\"12 Februar 2022 \u2013 LUNCH MIT BRASS - Tiziano Mazzoleni DE\",\"isPartOf\":{\"@id\":\"https:\/\/tizianomazzoleni.com\/de\/#website\"},\"datePublished\":\"2025-04-19T17:45:52+00:00\",\"dateModified\":\"2025-05-06T20:00:43+00:00\",\"breadcrumb\":{\"@id\":\"https:\/\/tizianomazzoleni.com\/de\/eventi\/12-februar-2022-lunch-mit-brass\/#breadcrumb\"},\"inLanguage\":\"de\",\"potentialAction\":[{\"@type\":\"ReadAction\",\"target\":[\"https:\/\/tizianomazzoleni.com\/de\/eventi\/12-februar-2022-lunch-mit-brass\/\"]}]},{\"@type\":\"BreadcrumbList\",\"@id\":\"https:\/\/tizianomazzoleni.com\/de\/eventi\/12-februar-2022-lunch-mit-brass\/#breadcrumb\",\"itemListElement\":[{\"@type\":\"ListItem\",\"position\":1,\"name\":\"Home\",\"item\":\"https:\/\/tizianomazzoleni.com\/de\/\"},{\"@type\":\"ListItem\",\"position\":2,\"name\":\"Eventi\",\"item\":\"https:\/\/tizianomazzoleni.com\/de\/eventi\/\"},{\"@type\":\"ListItem\",\"position\":3,\"name\":\"12 Februar 2022 \u2013 LUNCH MIT BRASS\"}]},{\"@type\":\"WebSite\",\"@id\":\"https:\/\/tizianomazzoleni.com\/de\/#website\",\"url\":\"https:\/\/tizianomazzoleni.com\/de\/\",\"name\":\"Tiziano Mazzoleni DE\",\"description\":\"\",\"publisher\":{\"@id\":\"https:\/\/tizianomazzoleni.com\/de\/#organization\"},\"potentialAction\":[{\"@type\":\"SearchAction\",\"target\":{\"@type\":\"EntryPoint\",\"urlTemplate\":\"https:\/\/tizianomazzoleni.com\/de\/?s={search_term_string}\"},\"query-input\":{\"@type\":\"PropertyValueSpecification\",\"valueRequired\":true,\"valueName\":\"search_term_string\"}}],\"inLanguage\":\"de\"},{\"@type\":\"Organization\",\"@id\":\"https:\/\/tizianomazzoleni.com\/de\/#organization\",\"name\":\"Tiziano Mazzoleni\",\"url\":\"https:\/\/tizianomazzoleni.com\/de\/\",\"logo\":{\"@type\":\"ImageObject\",\"inLanguage\":\"de\",\"@id\":\"https:\/\/tizianomazzoleni.com\/de\/#\/schema\/logo\/image\/\",\"url\":\"https:\/\/tizianomazzoleni.com\/de\/wp-content\/uploads\/sites\/5\/2025\/04\/tm-logo.webp\",\"contentUrl\":\"https:\/\/tizianomazzoleni.com\/de\/wp-content\/uploads\/sites\/5\/2025\/04\/tm-logo.webp\",\"width\":2395,\"height\":1756,\"caption\":\"Tiziano Mazzoleni\"},\"image\":{\"@id\":\"https:\/\/tizianomazzoleni.com\/de\/#\/schema\/logo\/image\/\"},\"sameAs\":[\"https:\/\/www.facebook.com\/tizianomazzolenitrb\/\",\"https:\/\/www.youtube.com\/channel\/UCfOuD4xlVmnbqzNlqFF-82w\",\"https:\/\/www.instagram.com\/tizianomazzolenitrb\/\",\"https:\/\/open.spotify.com\/intl-it\/artist\/19mdYMqG91acqcFAS3pEyH?si=fLCI7_ADT1O42dzioGFFIA&nd=1&dlsi=36510e36b1b54d4e\",\"https:\/\/soundcloud.com\/tiziano-mazzoleni\"]}]}<\/script>\n<!-- \/ Yoast SEO plugin. -->","yoast_head_json":{"title":"12 Februar 2022 \u2013 LUNCH MIT BRASS - Tiziano Mazzoleni DE","robots":{"index":"index","follow":"follow","max-snippet":"max-snippet:-1","max-image-preview":"max-image-preview:large","max-video-preview":"max-video-preview:-1"},"canonical":"https:\/\/tizianomazzoleni.com\/de\/eventi\/12-februar-2022-lunch-mit-brass\/","og_locale":"de_DE","og_type":"article","og_title":"12 Februar 2022 \u2013 LUNCH MIT BRASS - Tiziano Mazzoleni DE","og_description":"Mitwirkende POSAUNETiziano Mazzoleni TUBAAngelo Funaro KLAVIERAlberto Carnevale Ricci WGB Quartett Programm Bart Howard Fly Me to the Moon Johann G. Chr. St\u00f6rl Turmmusik John Glenesk Mortimer Suite Parisienne Eric Ewazen Trio f\u00fcr Posaune, Tuba und Klavier Georg Gershwin A Portrait Gustav Mahler Liebst du um Sch\u00f6nheit","og_url":"https:\/\/tizianomazzoleni.com\/de\/eventi\/12-februar-2022-lunch-mit-brass\/","og_site_name":"Tiziano Mazzoleni DE","article_publisher":"https:\/\/www.facebook.com\/tizianomazzolenitrb\/","article_modified_time":"2025-05-06T20:00:43+00:00","twitter_card":"summary_large_image","twitter_misc":{"Gesch\u00e4tzte Lesezeit":"1\u00a0Minute"},"schema":{"@context":"https:\/\/schema.org","@graph":[{"@type":"WebPage","@id":"https:\/\/tizianomazzoleni.com\/de\/eventi\/12-februar-2022-lunch-mit-brass\/","url":"https:\/\/tizianomazzoleni.com\/de\/eventi\/12-februar-2022-lunch-mit-brass\/","name":"12 Februar 2022 \u2013 LUNCH MIT BRASS - Tiziano Mazzoleni DE","isPartOf":{"@id":"https:\/\/tizianomazzoleni.com\/de\/#website"},"datePublished":"2025-04-19T17:45:52+00:00","dateModified":"2025-05-06T20:00:43+00:00","breadcrumb":{"@id":"https:\/\/tizianomazzoleni.com\/de\/eventi\/12-februar-2022-lunch-mit-brass\/#breadcrumb"},"inLanguage":"de","potentialAction":[{"@type":"ReadAction","target":["https:\/\/tizianomazzoleni.com\/de\/eventi\/12-februar-2022-lunch-mit-brass\/"]}]},{"@type":"BreadcrumbList","@id":"https:\/\/tizianomazzoleni.com\/de\/eventi\/12-februar-2022-lunch-mit-brass\/#breadcrumb","itemListElement":[{"@type":"ListItem","position":1,"name":"Home","item":"https:\/\/tizianomazzoleni.com\/de\/"},{"@type":"ListItem","position":2,"name":"Eventi","item":"https:\/\/tizianomazzoleni.com\/de\/eventi\/"},{"@type":"ListItem","position":3,"name":"12 Februar 2022 \u2013 LUNCH MIT BRASS"}]},{"@type":"WebSite","@id":"https:\/\/tizianomazzoleni.com\/de\/#website","url":"https:\/\/tizianomazzoleni.com\/de\/","name":"Tiziano Mazzoleni DE","description":"","publisher":{"@id":"https:\/\/tizianomazzoleni.com\/de\/#organization"},"potentialAction":[{"@type":"SearchAction","target":{"@type":"EntryPoint","urlTemplate":"https:\/\/tizianomazzoleni.com\/de\/?s={search_term_string}"},"query-input":{"@type":"PropertyValueSpecification","valueRequired":true,"valueName":"search_term_string"}}],"inLanguage":"de"},{"@type":"Organization","@id":"https:\/\/tizianomazzoleni.com\/de\/#organization","name":"Tiziano Mazzoleni","url":"https:\/\/tizianomazzoleni.com\/de\/","logo":{"@type":"ImageObject","inLanguage":"de","@id":"https:\/\/tizianomazzoleni.com\/de\/#\/schema\/logo\/image\/","url":"https:\/\/tizianomazzoleni.com\/de\/wp-content\/uploads\/sites\/5\/2025\/04\/tm-logo.webp","contentUrl":"https:\/\/tizianomazzoleni.com\/de\/wp-content\/uploads\/sites\/5\/2025\/04\/tm-logo.webp","width":2395,"height":1756,"caption":"Tiziano Mazzoleni"},"image":{"@id":"https:\/\/tizianomazzoleni.com\/de\/#\/schema\/logo\/image\/"},"sameAs":["https:\/\/www.facebook.com\/tizianomazzolenitrb\/","https:\/\/www.youtube.com\/channel\/UCfOuD4xlVmnbqzNlqFF-82w","https:\/\/www.instagram.com\/tizianomazzolenitrb\/","https:\/\/open.spotify.com\/intl-it\/artist\/19mdYMqG91acqcFAS3pEyH?si=fLCI7_ADT1O42dzioGFFIA&nd=1&dlsi=36510e36b1b54d4e","https:\/\/soundcloud.com\/tiziano-mazzoleni"]}]}},"_links":{"self":[{"href":"https:\/\/tizianomazzoleni.com\/de\/wp-json\/wp\/v2\/eventi\/48","targetHints":{"allow":["GET"]}}],"collection":[{"href":"https:\/\/tizianomazzoleni.com\/de\/wp-json\/wp\/v2\/eventi"}],"about":[{"href":"https:\/\/tizianomazzoleni.com\/de\/wp-json\/wp\/v2\/types\/eventi"}],"wp:attachment":[{"href":"https:\/\/tizianomazzoleni.com\/de\/wp-json\/wp\/v2\/media?parent=48"}],"curies":[{"name":"wp","href":"https:\/\/api.w.org\/{rel}","templated":true}]}}

<h2 class="wp-block-heading"><strong>Mitwirkende</strong></h2>



<p class="has-text-align-center">POSAUNE<br><em>Tiziano Mazzoleni</em></p>



<p class="has-text-align-center">TUBA<br><em>Angelo Funaro</em></p>



<p class="has-text-align-center">KLAVIER<br><em>Alberto Carnevale Ricci</em></p>



<p class="has-text-align-center"><em>WGB Quartett</em></p>



<h2 class="wp-block-heading" style="font-size:23px"><strong>Programm</strong></h2>



<p><strong><em>Bart Howard</em></strong> Fly Me to the Moon</p>



<p><strong><em>Johann G. Chr. Störl</em></strong> Turmmusik</p>



<p><em><strong>John Glenesk Mortimer</strong></em> Suite Parisienne</p>



<p><strong><em>Eric Ewazen</em></strong> Trio für Posaune, Tuba und Klavier</p>



<p><strong><em>Georg Gershwin</em></strong> A Portrait</p>



<p class="has-text-align-left"><strong><em>Gustav Mahler</em></strong> Liebst du um Schönheit</p>

<!-- This site is optimized with the Yoast SEO plugin v27.0 - https://yoast.com/product/yoast-seo-wordpress/ -->
<title>12 Februar 2022 – LUNCH MIT BRASS - Tiziano Mazzoleni DE</title>
<meta name="robots" content="index, follow, max-snippet:-1, max-image-preview:large, max-video-preview:-1" />
<link rel="canonical" href="https://tizianomazzoleni.com/de/eventi/12-februar-2022-lunch-mit-brass/" />
<meta property="og:locale" content="de_DE" />
<meta property="og:type" content="article" />
<meta property="og:title" content="12 Februar 2022 – LUNCH MIT BRASS - Tiziano Mazzoleni DE" />
<meta property="og:description" content="Mitwirkende POSAUNETiziano Mazzoleni TUBAAngelo Funaro KLAVIERAlberto Carnevale Ricci WGB Quartett Programm Bart Howard Fly Me to the Moon Johann G. Chr. Störl Turmmusik John Glenesk Mortimer Suite Parisienne Eric Ewazen Trio für Posaune, Tuba und Klavier Georg Gershwin A Portrait Gustav Mahler Liebst du um Schönheit" />
<meta property="og:url" content="https://tizianomazzoleni.com/de/eventi/12-februar-2022-lunch-mit-brass/" />
<meta property="og:site_name" content="Tiziano Mazzoleni DE" />
<meta property="article:publisher" content="https://www.facebook.com/tizianomazzolenitrb/" />
<meta property="article:modified_time" content="2025-05-06T20:00:43+00:00" />
<meta name="twitter:card" content="summary_large_image" />
<meta name="twitter:label1" content="Geschätzte Lesezeit" />
	<meta name="twitter:data1" content="1 Minute" />
<script type="application/ld+json" class="yoast-schema-graph">{"@context":"https://schema.org","@graph":[{"@type":"WebPage","@id":"https://tizianomazzoleni.com/de/eventi/12-februar-2022-lunch-mit-brass/","url":"https://tizianomazzoleni.com/de/eventi/12-februar-2022-lunch-mit-brass/","name":"12 Februar 2022 – LUNCH MIT BRASS - Tiziano Mazzoleni DE","isPartOf":{"@id":"https://tizianomazzoleni.com/de/#website"},"datePublished":"2025-04-19T17:45:52+00:00","dateModified":"2025-05-06T20:00:43+00:00","breadcrumb":{"@id":"https://tizianomazzoleni.com/de/eventi/12-februar-2022-lunch-mit-brass/#breadcrumb"},"inLanguage":"de","potentialAction":[{"@type":"ReadAction","target":["https://tizianomazzoleni.com/de/eventi/12-februar-2022-lunch-mit-brass/"]}]},{"@type":"BreadcrumbList","@id":"https://tizianomazzoleni.com/de/eventi/12-februar-2022-lunch-mit-brass/#breadcrumb","itemListElement":[{"@type":"ListItem","position":1,"name":"Home","item":"https://tizianomazzoleni.com/de/"},{"@type":"ListItem","position":2,"name":"Eventi","item":"https://tizianomazzoleni.com/de/eventi/"},{"@type":"ListItem","position":3,"name":"12 Februar 2022 – LUNCH MIT BRASS"}]},{"@type":"WebSite","@id":"https://tizianomazzoleni.com/de/#website","url":"https://tizianomazzoleni.com/de/","name":"Tiziano Mazzoleni DE","description":"","publisher":{"@id":"https://tizianomazzoleni.com/de/#organization"},"potentialAction":[{"@type":"SearchAction","target":{"@type":"EntryPoint","urlTemplate":"https://tizianomazzoleni.com/de/?s={search_term_string}"},"query-input":{"@type":"PropertyValueSpecification","valueRequired":true,"valueName":"search_term_string"}}],"inLanguage":"de"},{"@type":"Organization","@id":"https://tizianomazzoleni.com/de/#organization","name":"Tiziano Mazzoleni","url":"https://tizianomazzoleni.com/de/","logo":{"@type":"ImageObject","inLanguage":"de","@id":"https://tizianomazzoleni.com/de/#/schema/logo/image/","url":"https://tizianomazzoleni.com/de/wp-content/uploads/sites/5/2025/04/tm-logo.webp","contentUrl":"https://tizianomazzoleni.com/de/wp-content/uploads/sites/5/2025/04/tm-logo.webp","width":2395,"height":1756,"caption":"Tiziano Mazzoleni"},"image":{"@id":"https://tizianomazzoleni.com/de/#/schema/logo/image/"},"sameAs":["https://www.facebook.com/tizianomazzolenitrb/","https://www.youtube.com/channel/UCfOuD4xlVmnbqzNlqFF-82w","https://www.instagram.com/tizianomazzolenitrb/","https://open.spotify.com/intl-it/artist/19mdYMqG91acqcFAS3pEyH?si=fLCI7_ADT1O42dzioGFFIA&nd=1&dlsi=36510e36b1b54d4e","https://soundcloud.com/tiziano-mazzoleni"]}]}</script>
<!-- / Yoast SEO plugin. -->

Mitwirkende POSAUNETiziano Mazzoleni TUBAAngelo Funaro KLAVIERAlberto Carnevale Ricci WGB Quartett Programm Bart Howard Fly Me to the Moon Johann G. Chr. Störl Turmmusik John Glenesk Mortimer Suite Parisienne Eric Ewazen Trio für Posaune, Tuba und Klavier Georg Gershwin A Portrait Gustav Mahler Liebst du um Schönheit
